{"id":9,"date":"2023-05-26T08:15:21","date_gmt":"2023-05-26T08:15:21","guid":{"rendered":"https:\/\/www.bauplanung-hessen.de\/?page_id=9"},"modified":"2023-12-07T11:56:01","modified_gmt":"2023-12-07T11:56:01","slug":"startseite","status":"publish","type":"page","link":"https:\/\/www.bauplanung-hessen.de\/","title":{"rendered":"Startseite"},"content":{"rendered":"<div class=\"wp-block-image\">\n<figure class=\"alignright size-large is-resized\"><img loading=\"lazy\" decoding=\"async\" width=\"674\" height=\"1024\" src=\"https:\/\/www.bauplanung-hessen.de\/wp-content\/uploads\/2023\/05\/RC23-1-674x1024.jpg\" alt=\"\" class=\"wp-image-131\" style=\"width:207px;height:313px\" srcset=\"https:\/\/www.bauplanung-hessen.de\/wp-content\/uploads\/2023\/05\/RC23-1-674x1024.jpg 674w, https:\/\/www.bauplanung-hessen.de\/wp-content\/uploads\/2023\/05\/RC23-1-198x300.jpg 198w, https:\/\/www.bauplanung-hessen.de\/wp-content\/uploads\/2023\/05\/RC23-1-768x1166.jpg 768w, https:\/\/www.bauplanung-hessen.de\/wp-content\/uploads\/2023\/05\/RC23-1.jpg 824w\" sizes=\"(max-width: 674px) 100vw, 674px\" \/><\/figure><\/div>\n\n\n<figure class=\"wp-block-image size-full is-resized\"><img loading=\"lazy\" decoding=\"async\" width=\"325\" height=\"236\" src=\"https:\/\/www.bauplanung-hessen.de\/wp-content\/uploads\/2023\/11\/LOGO-fertif-23-verzerrt-1.jpg\" alt=\"\" class=\"wp-image-235\" style=\"aspect-ratio:1;width:312px;height:auto\" srcset=\"https:\/\/www.bauplanung-hessen.de\/wp-content\/uploads\/2023\/11\/LOGO-fertif-23-verzerrt-1.jpg 325w, https:\/\/www.bauplanung-hessen.de\/wp-content\/uploads\/2023\/11\/LOGO-fertif-23-verzerrt-1-300x218.jpg 300w\" sizes=\"(max-width: 325px) 100vw, 325px\" \/><\/figure>\n\n\n\n<p>.<\/p>\n\n\n\n<p class=\"has-black-color has-text-color has-medium-font-size\">Hallo und herzlich willkommen auf meiner Website.<\/p>\n\n\n\n<p>Ich biete Ihnen mit dieser Internetplattform meine Leistungen als fachlich versierter Bauplaner an.<\/p>\n\n\n\n<p>Ob es um einen Neubau, eine Aufstockung, einen Anbauen oder um die Sanierung eines  bestehenden Geb\u00e4udes geht, ob es darum geht, ein Restaurant einzurichten oder um die Einrichtung eines Hotels, Krankenhauses, einer Arztpraxis oder einer Altenwohnanlage. Oder aber es geht um die Planung der hier genannten Objekte. Ich liefere zu <strong>allen baulichen Angelegenheiten die ma\u00df- und fachgerechten Planunterlagen<\/strong> f\u00fcr die Architektur, Inneneinrichtungen einschlie\u00dflich K\u00fcchen- und Gro\u00dfk\u00fcchenplanung, so wie die Planung der Au\u00dfenanlagen. <em>N\u00e4here Informationen finden Sie auf den Folgeseiten<\/em><strong><em>.<\/em><\/strong><\/p>\n\n\n\n<p>Da ich diese Leistungen nach \u00fcber 40-j\u00e4hriger Selbstst\u00e4ndigkeit lediglich noch ,als &#8222;Besch\u00e4ftigung&#8220; erbringe, arbeite ich sehr kosteng\u00fcnstig f\u00fcr Sie. (<strong>siehe Honorar<\/strong>)<\/p>\n\n\n\n<p class=\"has-luminous-vivid-orange-color has-text-color\"><strong>Ich arbeite ausschlie\u00dflich f\u00fcr den privaten Sektor!<\/strong><\/p>\n\n\n\n<p>Wenn Sie also ein privater Bauherr, Eigent\u00fcmer,  eine private Wohnungsgesellschaft oder ein privater Firmeninhaber, ein Restaurant- oder Hotelbetreiber, ein privater Altenheimbetreiber oder ein Personenkonsortium, Arzt oder Krankenhausbetreiber sind, sollten Sie ganz einfach bei mir nachfragen und sich von mir rechtzeitig beraten lassen.<\/p>\n\n\n\n<p class=\"has-luminous-vivid-orange-color has-text-color\"><strong>Gerne lasse ich meine \u00fcber 40-j\u00e4hrige Berufserfahrungen aus der Praxis, in Ihre Ideen einflie\u00dfen.<\/strong><\/p>\n\n\n\n<p>Wenn Sie also Bauplanungen ben\u00f6tigen, Pl\u00e4ne nach \u00f6rtlichem Aufma\u00df Anfertigen lassen wollen, wenn Sie Pl\u00e4ne f\u00fcr die Au\u00dfenanlagen, f\u00fcr die Elektroanlage, Heizung, Sanit\u00e4r oder Regenrinnen, Kanalisationspl\u00e4ne, Teilungspl\u00e4ne, Einrichtungspl\u00e4ne f\u00fcr Wohnprojekte und Gewerbeprojekte, Pl\u00e4ne f\u00fcr Innenarchitektur oder Gastren- und Landschaftsgestaltung, usw. ben\u00f6tigen oder wenn Sie im Zuge einer Entkernung und Kernsanierung oder Denkmalschutz-Sanierung, neue Pl\u00e4ne f\u00fcr die \u00c4nderungen ben\u00f6tigen, sind Sie bei mir immer an der richtigen Adresse.<\/p>\n\n\n\n<p class=\"has-luminous-vivid-orange-color has-text-color has-medium-font-size\"><strong>Ich arbeite allein, zuverl\u00e4ssig und kosteng\u00fcnstig!<\/strong><\/p>\n\n\n\n<p>Zwar lege ich <strong>k e i n e<\/strong> Termine fest, allerdings arbeite ich grunds\u00e4tzlich z\u00fcgig und erziele schnellstm\u00f6gliche Ergebnisse.<\/p>\n\n\n\n<p>Au\u00dferdem erstelle ich als<strong> <\/strong><\/p>\n\n\n\n<p class=\"has-luminous-vivid-orange-color has-text-color has-link-color has-large-font-size wp-elements-2b4a9117e5bb0e3944dc3c6d6605261a\"><strong><em>freier Gutachter im Hochbau<\/em><\/strong><\/p>\n\n\n\n<p>freie Baugutachten aller Art in den Bereichen <strong>Rohbau, Ausbau, Erdbau, Garten- und Landschaftsbau<\/strong> <strong>und Einrichtungen aller Art<\/strong><\/p>\n\n\n\n<p>Auch fertige ich zur Haftungsabgrenzung bei Insolvenzen und f\u00fcr Abrechnungen der Handwerker, f\u00fcr Insolvenzverwalter und Bauherren, f\u00fcr Abrechnungen, Bautenstandsberichte und planerische Bestandlisten als &#8222;Schnittstellen&#8220; der Handwerkerhaftung, Insolvenz-Verwalterunterst\u00fctzung oder Listen \u00fcber tats\u00e4chlich erbrachten Leistungen, als Abrechnungsgrundlage an.<\/p>\n\n\n\n<p>Rufen Sie an oder senden Sie mir  eine E-Mail.<\/p>\n\n\n\n<p>Ich freue mich auf Ihren Kontakt.<\/p>\n\n\n\n<p class=\"has-luminous-vivid-orange-color has-text-color\"><strong>HINWEIS:<\/strong><em> Die Erstberatung ist kostenfrei<\/em><\/p>\n\n\n\n<p class=\"has-vivid-cyan-blue-color has-text-color has-medium-font-size\"><em>Ihr Ronald Christ<\/em>, Bautechniker<\/p>\n\n\n\n<p class=\"has-vivid-cyan-blue-color has-text-color\"><strong>Bauplanung-Hessen.de<\/strong><\/p>\n","protected":false},"excerpt":{"rendered":"<p>. Hallo und herzlich willkommen auf meiner Website. Ich biete Ihnen mit dieser Internetplattform meine Leistungen als fachlich versierter Bauplaner an. Ob es um einen Neubau, eine Aufstockung, einen Anbauen oder um die Sanierung eines bestehenden Geb\u00e4udes geht, ob es darum geht, ein Restaurant einzurichten oder um die Einrichtung eines Hotels, Krankenhauses, einer Arztpraxis oder [&hellip;]<\/p>\n","protected":false},"author":1,"featured_media":0,"parent":0,"menu_order":0,"comment_status":"closed","ping_status":"closed","template":"","meta":{"footnotes":""},"class_list":["post-9","page","type-page","status-publish","hentry"],"_links":{"self":[{"href":"https:\/\/www.bauplanung-hessen.de\/index.php?rest_route=\/wp\/v2\/pages\/9"}],"collection":[{"href":"https:\/\/www.bauplanung-hessen.de\/index.php?rest_route=\/wp\/v2\/pages"}],"about":[{"href":"https:\/\/www.bauplanung-hessen.de\/index.php?rest_route=\/wp\/v2\/types\/page"}],"author":[{"embeddable":true,"href":"https:\/\/www.bauplanung-hessen.de\/index.php?rest_route=\/wp\/v2\/users\/1"}],"replies":[{"embeddable":true,"href":"https:\/\/www.bauplanung-hessen.de\/index.php?rest_route=%2Fwp%2Fv2%2Fcomments&post=9"}],"version-history":[{"count":18,"href":"https:\/\/www.bauplanung-hessen.de\/index.php?rest_route=\/wp\/v2\/pages\/9\/revisions"}],"predecessor-version":[{"id":259,"href":"https:\/\/www.bauplanung-hessen.de\/index.php?rest_route=\/wp\/v2\/pages\/9\/revisions\/259"}],"wp:attachment":[{"href":"https:\/\/www.bauplanung-hessen.de\/index.php?rest_route=%2Fwp%2Fv2%2Fmedia&parent=9"}],"curies":[{"name":"wp","href":"https:\/\/api.w.org\/{rel}","templated":true}]}}